.
19
Suppose -4*b + 5 = q + 27, -5*q - 5*b = 35. Let s be (q - -17) + -1 - 0. Let l = s - 1. What are the prime factors of l?
13
Let h(k) = 7*k**3 + k**2 - 2*k + 13. Let a(f) = -4*f**2 - 19 - 6*f**3 - 4*f**3 + 3*f**2 + 3*f. Let y(j) = -5*a(j) - 7*h(j). List the prime factors of y(3).
2, 5
Suppose -i - 2 = 1, -4*i + 48 = -4*r. Suppose 75 = 6*j - j. What are the prime factors of (18/j)/((-2)/r)?
3
Let n = -73 + 206. List the prime factors of n.
7, 19
Let u = 5 - 1. Suppose 0 = -u*g - 8, -4*s = -0*s + g - 98. List the prime factors of s.
5
Let t(n) be the third derivative of -n**5/60 - 5*n**4/12 + 7*n**3/3 + n**2. Let i be t(-11). Let a = 12 - i. List the prime factors of a.
3
Suppose 4*j - 5*j = -5. Suppose -5*l - 2 + 1 = -w, -4*l = j*w - 34. List the prime factors of w.
2, 3
Suppose -2*m = -0*m - 92. What are the prime factors of m?
2, 23
What are the prime factors of 1200/35 - 6/21?
2, 17
List the prime factors of (-378)/(-3) + -2 + 6/2.
127
Let a = -56 + 79. Suppose 4*k = -4*q - 8, -k = 5*q - 1 + a. Let m(s) = s**3 + 4*s**2 - 7*s + 1. List the prime factors of m(q).
11
Let a be -3*(3/(-9) - 0). Let v = a + 20. List the prime factors of v.
3, 7
Let u(c) = -8*c**3 - 26*c**2 + 9*c - 18. Let p(m) = -3*m**3 - 9*m**2 + 3*m - 6. Let a(y) = 11*p(y) - 4*u(y). List the prime factors of a(4).
2, 5
Let t = 511 + -352. List the prime factors of t.
3, 53
Let s be (-2)/(-5) - (-72)/(-30). List the prime factors of (11 - -1) + (s - 0).
2, 5
Suppose 2*a + 3 - 9 = 0. Let y be a/18 - 11/(-6). Suppose -y*f = 2*w - 26, 5*f + w = 4*w + 49. List the prime factors of f.
11
What are the prime factors of (6 - 2) + 42 + -4?
2, 3, 7
Let x = 2 + 3. Suppose 4*j - 4*q - 45 = 15, -x*j + 55 = 5*q. List the prime factors of j.
13
Let n = 14 - -5. List the prime factors of n.
19
Suppose a = 3*z + 34, -5*z + 2*z + 181 = 4*a. List the prime factors of a.
43
Let k be (1 - 1) + 1 + 13. Let z be 4/k - (-99)/21. Suppose 5*y = 5*m - 65, -3*m = -7*m + z*y + 53. What are the prime factors of m?
2, 3
Suppose 62 = 2*u - 2*q - 44, 2*q = -10. What are the prime factors of u?
2, 3
Let p be 4/10 + 1614/15. Suppose 108 = 3*s + w, -5*w - 23 = 2*s - p. What are the prime factors of s?
5, 7
Let z(g) = -5 - 41*g + 10 - 7 + 8*g. What are the prime factors of z(-1)?
31
Suppose -8*a + 109 + 1531 = 0. What are the prime factors of a?
5, 41
Let m = -2 + 3. Suppose -5*i - 2 = -k + m, -4*k - 4*i = -12. List the prime factors of (k + -5)/((-2)/19).
19
Let k(n) = -n + 2. Let l be k(0). Suppose -x - r + 9 = 0, 0 = -6*x + l*x + 3*r + 1. List the prime factors of x.
2
Let m(x) = 11*x**2 + 7*x + 22. Let i(j) = -5*j**2 - 4*j - 11. Let r(f) = -13*i(f) - 6*m(f). List the prime factors of r(9).
2, 5
Suppose -40 = -g + 5*g. Let w = g + 42. List the prime factors of w.
2
What are the prime factors of (0 - 30)/(36/(-24))?
2, 5
Let l(a) = 34*a**2 + 2*a - 3. What are the prime factors of l(2)?
137
Let u = 299 - 170. What are the prime factors of u/9*3 + -2?
41
List the prime factors of 4/12*-3 + 47.
2, 23
Let v(m) = -11*m - 5. Let x(g) = 10*g + 5. Let l(s) = -2*v(s) - 3*x(s). What are the prime factors of l(-4)?
3
Let d(w) = 2*w - 3. Let f be d(-6). List the prime factors of (-336)/f + 6/(-15).
2, 11
Let j(h) = -h**3 - 6*h**2 - 7*h - 5. Let a be j(-5). Suppose a*y = -0*y + 110. What are the prime factors of y?
2, 11
Let n = 27 - -1. Let l = n + -20. List the prime factors of l.
2
Let b(v) = 20*v - 1. Suppose 2*d = -x - 0 + 9, 3*d + 2*x = 16. Suppose 2*i + d*i = 4. What are the prime factors of b(i)?
19
Let c = -30 - -54. Let n = c - 12. What are the prime factors of n?
2, 3
Suppose -n + 0*x = 2*x - 4, -3*n = -5*x - 34. Let z be (-20)/n*8/(-10). Let c = z - -3. List the prime factors of c.
5
Let w(c) = c**3 - 6*c**2 + 4*c + 2. Let f be w(6). Suppose z = -z - f. Let p = z + 27. List the prime factors of p.
2, 7
Let o(g) be the second derivative of -g**5/5 - g**4/6 - g**3/6 + 2*g. Let l be o(-1). What are the prime factors of l/(-3*(-3)/36)?
2, 3
Let i be -3*1 - 0/(-5). List the prime factors of (-280)/(-15) + (-1)/i.
19
Let y(f) be the first derivative of 1/2*f**2 + 1/3*f**3 + 4*f + 2. List the prime factors of y(0).
2
What are the prime factors of (-6996)/(-156) - -2*2/26?
3, 5
Suppose 0 = 5*q, -2*x + 14 = -5*q - 16. Let o = x + -8. What are the prime factors of o?
7
Suppose -3 = 3*x - 9. Suppose y - x*y = -12. List the prime factors of y.
2, 3
List the prime factors of -2*60/(-8) + -3.
2, 3
Let x(g) = g**3 + g**2 - 3*g + 2. Let h be x(2). Suppose -z + 3 + h = 0. List the prime factors of z.
11
Let m(h) = -3*h + 2*h**3 - h**3 + 0*h**3 - 6*h**2 - h + 9. List the prime factors of m(7).
2, 3, 5
Suppose 37 = f + 3*h, -6*f = -4*f + 4*h - 74. What are the prime factors of f?
37
Let w be (-2)/(-7) + (-116)/14. Let q = -5 - w. Suppose -2*d = s + 3*d - q, 2 = -d. List the prime factors of s.
13
Let o = 1 - -98. What are the prime factors of o?
3, 11
Let v(n) = 6*n + 6. What are the prime factors of v(7)?
2, 3
Let v = -25 - -39. Suppose v - 48 = -p. Suppose p = 3*h + 4. List the prime factors of h.
2, 5
Suppose -y + l = 5, -l + 5 + 0 = 4*y. Suppose y*j = -j. Suppose j = -i - 2, 4 = -w - 5*i + 1. List the prime factors of w.
7
Suppose 4*p - 5*p = -27. Let m = p + 6. List the prime factors of m.
3, 11
Suppose 2*n + 2*z - 246 = 0, 0 = -n + 2*n + 5*z - 131. What are the prime factors of n?
11
Suppose 188 = 5*t + 2*p, -2*t - p + 113 = t. What are the prime factors of t?
2, 19
Suppose -6*s - 593 = -1697. What are the prime factors of s?
2, 23
Let r = 9 - 7. Let n(d) = -4 + 5*d - r + 4 + 1. What are the prime factors of n(1)?
2
Suppose h = -4*h + 10. Let j(p) = 2*p + h + 3 - 4. What are the prime factors of j(2)?
5
Let o = -4 + 9. Suppose 0 = o*z - 2*d - 140, -4*d = -4*z - z + 140. Suppose b - 5*b + z = 0. List the prime factors of b.
7
Suppose -11 = -5*p + 159. Suppose z - 3*z = -p. Let q = z - 5. List the prime factors of q.
2, 3
Suppose 5*h = -2*r + 37, -4*r + 5*h + 38 = -21. Let y = 7 + r. What are the prime factors of y?
23
Suppose -w - 3*w = -112. What are the prime factors of w?
2, 7
Suppose 2*n = 2 + 4. Suppose 0 = -j + n + 14. What are the prime factors of j?
17
Suppose b - 3*t + 33 = 2*b, -t = -1. List the prime factors of b.
2, 3, 5
Let r = 9 - 3. Let i(n) = -n**2 - 6*n - 6. Let o be i(-5). List the prime factors of 0/(-2) + r + o.
5
List the prime factors of (0 - -1)/(4/104).
2, 13
Let q(f) = -2*f - 3. What are the prime factors of q(-5)?
7
Suppose 0 = -4*i + 136 + 136. What are the prime factors of i?
2, 17
Suppose -2*t + 14 = -4*j + 2, 0 = 3*j - 6. What are the prime factors of 35/t*(4 - 0)?
2, 7
Suppose 0 = -3*c + 4*f + 61, 51 + 23 = 2*c + 4*f. What are the prime factors of c?
3
Suppose 0*r - 3 = r. Let i = r - -8. List the prime factors of i.
5
Suppose -5*h = f + 1 - 28, -3*f + 81 = 5*h. Suppose 2*z + f = 3*z. List the prime factors of z.
3
Let n(i) = -i**3 + 10*i**2. What are the prime factors of n(6)?
2, 3
Let r = 11 - 8. Suppose d - 1 = r, 2*t + 16 = 5*d. Suppose -g + t = -7. What are the prime factors of g?
3
Let n = -60 - -37. Let x = 40 + n. List the prime factors of x.
17
Suppose -q - 4*u = -5*q + 32, q - 12 = -3*u. What are the prime factors of q?
3
Suppose 0*d + 60 = 3*d. List the prime factors of 6*d/6 + -3.
17
Suppose -3*g + 5*g = 4*t + 80, -37 = -g + 3*t. Suppose -h + 3*h = g. What are the prime factors of h?
23
What are the prime factors of (205/10)/(2/4)*1?
41
Let j(n) = -n**3 - 16*n**2 - 15*n + 7. List the prime factors of j(-15).
7
Let q(f) = -1 + 21*f**2 + f**2 + 3*f**2. List the prime factors of q(1).
2, 3
List the prime factors of (0 - -3)*206/6 + 3.
2, 53
Suppose -3*p - m + 26 = 0, -p = 3*m - 2*m - 6. Suppose 5*g - 15 = p. Suppose 0 = g*v - v - 40. What are the prime factors of v?
2, 5
Suppose 0 = -4*p + 5 + 3. Let x be (8/(-4))/(p/1). Let l = x + 10. What are the prime factors of l?
3
Let n = 5 + -3. Suppose 0 = -j - 0*v - 3*v + 2, 5*j - 23 = -n*v. List the prime factors of (-1)/j - (-76)/5.
3, 5
Let b(t) = t**3 - 7*t**2 + 5*t + 2. Let k be b(6). Let h be ((-2)/4)/((-2)/k). What are the prime factors of 3/(1 - h/2)?
2
Let w(g) = -g**3 - 6*g**2 - g + 1. Suppose 2 = -t - 4. List the prime factors of w(t).
7
Suppose 0 = x - 2*x + 30. What are the prime factors of x?
2, 3, 5
Suppose -6*o - 5 = -o, 